hat is the remainder when 40 is divided by 9/6*132/b?
18
Let t be 63 + (0 + 12/(-4) - -5). Suppose 7*f - 278 = t. Calculate the remainder when 145 is divided by f.
47
Suppose -47*p + 1204 = -40*p. Calculate the remainder when p is divided by 39.
16
Let c(n) = 2*n**2 - 20*n + 20. Let i be c(16). Suppose -2*r + i - 72 = 0. What is the remainder when r is divided by 6?
4
Let v be (-8)/(-12) - (-15)/(-9). Let k be 68 - 0*v/(-2). Suppose 0*c - k = -c. What is the remainder when c is divided by 23?
22
Let p(l) be the third derivative of l**5/5 - l**4/4 - 2*l**3/3 - 22*l**2. What is the remainder when p(3) is divided by 30?
26
Suppose -3*f = -5*s + 167, -6*f = -5*f - 1. Let v(z) be the second derivative of -z**3/3 - 3*z**2 + 2*z. Calculate the remainder when s is divided by v(-6).
4
What is the remainder when (376 - -1)*1 + -5 is divided by 47?
43
Suppose 0 = -101*i + 105*i - 48. What is the remainder when 358 is divided by i?
10
Let k(b) = -b + 8. Let v be (-2)/(-6)*24/1. Let c be k(v). Suppose c = -4*q - 5*j, -5*j = -5*q - j + 41. What is the remainder when 16 is divided by q?
1
Let l = -112 + 183. Calculate the remainder when 132 is divided by l.
61
Let f = 404 + -346. What is the remainder when f is divided by 23?
12
Suppose 3*i - 114 = 3*x, 7*i - 6*i = -x + 44. What is the remainder when i is divided by 25?
16
What is the remainder when 1*6 + -18 + 84 is divided by 20?
12
Let c(k) = 3*k**2 + 4*k - 6. Let j be c(-5). Let y = j + -27. What is the remainder when 63 is divided by y?
19
Let t(z) = z**3 + 11*z**2 + 10*z + 4. Let w be (-4)/(-6)*1*-15. What is the remainder when 13 is divided by t(w)?
1
Let o be 1*(32 + -2 + 9). Let c = -4 - -6. Let a = o - c. What is the remainder when a is divided by 13?
11
Calculate the remainder when 89 is divided by 4*(-6)/24*-10.
9
Let q = 46 + 31. Let r = -1412 + 1432. What is the remainder when q is divided by r?
17
Let y(i) = -4*i - 2. Let h be y(3). What is the remainder when 26 is divided by ((-7)/h)/((-1)/(-14))?
5
Suppose 0 = c + 16. Calculate the remainder when (2 - 0)/(2/6) is divided by 2/(-6)*(c - -4).
2
Let b(a) = a**3 - 8*a**2 + 6*a + 8. Let o be b(7). Let q = 39 - 33. Calculate the remainder when (o*-22)/(-1 - 0) is divided by q.
4
Suppose -33*l - 420 = -36*l. Calculate the remainder when l is divided by 2.
0
Let b(i) = 8*i**2 - 5 - 20*i**2 + 13*i**2 + 7*i**2. Calculate the remainder when 106 is divided by b(-2).
25
Suppose -y - 3*w + 40 = -8*w, -5*y - 2*w = -92. What is the remainder when y is divided by 5?
0
Suppose -8*o + 428 = -12. Suppose 20 + o = 5*n. Suppose 2*k = 5*k - 168. What is the remainder when k is divided by n?
11
Suppose -j = -2*j + 34. What is the remainder when (-81 - 2)/((-5)/10) is divided by j?
30
Suppose 7 = -u + 3. Calculate the remainder when 10 is divided by 80/50 + u/(-10).
0
Calculate the remainder when (-7)/42 + (-4543)/(-42) is divided by 60.
48
Suppose -6 = -2*k - 3*r - 0*r, 0 = -4*k - 2*r + 12. Suppose 0 = k*g - g - 60. What is the remainder when 38 is divided by (3 - -1)*g/12?
8
Let r(a) = -2*a + 12. Let x(j) = 2*j**2 - 5*j + 4. Let b be x(3). Let o be r(b). What is the remainder when o + -8*(-2 - 0) is divided by 4?
2
Let q = 7 + -12. Let x be q + 2 - -8 - 3. Suppose -x*j + 132 = 2*j. What is the remainder when j is divided by 18?
15
Suppose 2*v + 53*q = 58*q + 148, -2*q + 428 = 5*v. Calculate the remainder when 176 is divided by v.
8
Let d = 218 - 200. Calculate the remainder when 172 is divided by d.
10
Let l(b) = 586*b + 613. Suppose 1 + 17 = y. What is the remainder when l(-1) is divided by y?
9
What is the remainder when 404 is divided by 140/(-1 - -8) - 5?
14
Let s(v) = -v + 23. Let j be s(-15). Suppose -3*z = 2*b - j, z + 4*z + 4*b - 66 = 0. Calculate the remainder when 28 is divided by z.
8
Let l be 3/(-15) - 111/(-5). Let t be 5474/l + (-4)/(-22). What is the remainder when (2/3)/(2/t) is divided by 21?
20
Let g = -1514 + 1588. What is the remainder when 288 is divided by g?
66
Suppose 2*g - 5*g = -5*t - 120, -3*g + 96 = 3*t. Let i = -44 + 54. Let q = i + 3. What is the remainder when g is divided by q?
9
Suppose -972 = -4*b + m, -173 = 5*b - 3*m - 1381. Calculate the remainder when b is divided by 31.
27
Suppose -1 = -k + 9. Let j = 6 - -8. Suppose r = j + k. What is the remainder when 93 is divided by r?
21
Let l = 5 - -5. Let j(t) = -t**2 - 2*t + 37. Let v be j(0). Suppose -v = -6*g + 5*g. What is the remainder when g is divided by l?
7
Let d be ((-2)/(-4))/(4/96). Let s = d - 12. Calculate the remainder when 75 is divided by (-2 + s)/((-6)/57).
18
Let a = -1157 + 1195. What is the remainder when 376 is divided by a?
34
Let j(r) = r + 2. Suppose 0 = -5*p - 8 - 2. Let m be j(p). Suppose m = 2*n - 6*n + 16. What is the remainder when 6 is divided by n?
2
What is the remainder when 42 is divided by (0 - (-108)/7) + (-48)/(-84)?
10
Let f = 129 - 127. Suppose f*k - 13 = -h, -2*h - 3*k = -6*h + 41. Let g = 25 - 18. What is the remainder when h is divided by g?
4
Suppose 17*v = 11*v + 276. What is the remainder when v is divided by 26?
20
Let p(f) = -6*f**2 - 135*f + 144. Let a(w) = -w**2 - 27*w + 29. Let c(u) = 11*a(u) - 2*p(u). Let q = -2 - -16. What is the remainder when q is divided by c(26)?
4
Let k(m) = -m**2 + 5*m + 9. Let q(j) = -j**3 + 5*j**2 + 5*j - 4. Let l be q(6). Let p be 2/(-4)*l/1. Calculate the remainder when k(p) is divided by 2.
1
Let c = -457 + 479. What is the remainder when 195 is divided by c?
19
Let l(c) = -c**3 - 4*c**2 - 7. Suppose j = 4*j + 2*u - 2310, 0 = 5*j + 4*u - 3850. Suppose 54*v - j = 43*v. What is the remainder when v is divided by l(-5)?
16
Let c = 3 - -3. Let r = -2 + c. Calculate the remainder when (-5)/15 - 129/(-9) is divided by r.
2
Let f = -2152 + 2290. What is the remainder when f is divided by 29?
22
Let a be 14/21*(-15)/(-2). Suppose 4*x + 32 = 2*w, 0*w = w + a*x + 19. What is the remainder when w is divided by 3?
0
Let l(j) = 5*j**2 + 1. Calculate the remainder when l(5) is divided by 39.
9
Suppose 2*j - 7*j = -530. Suppose 21 = 3*u - 2*y, -15 = -32*y + 27*y. Calculate the remainder when j is divided by u.
7
Let h = -20 + 50. Suppose 0 = -6*o + 2*o + 348. Calculate the remainder when o is divided by h.
27
Suppose 2*v + 6 = 38. Let h(m) = -48*m - 691. What is the remainder when h(-15) is divided by v?
13
Let t be 1/(-3) - 16/6. Let s = -11 - -21. Calculate the remainder when (-1 + -28)*(t - -2) is divided by s.
9
What is the remainder when 889 is divided by -1 + (-8)/(-10) - 30916/(-655)?
43
Suppose 0*v - 57 = -3*v. Let j be 12/(-5)*40/(-16). Suppose 0 = -3*z - j*z + 63. Calculate the remainder when v is divided by z.
5
Let n(a) = 10*a**2 + 4. Let i be n(2). Suppose 3*g - 2*g - 5 = 0. Suppose g*j - i = j. Calculate the remainder when 65 is divided by j.
10
Suppose 3*o + 4*d + 117 = 325, -4*d + 276 = 4*o. Calculate the remainder when o is divided by 12.
8
Let h(x) = -296*x - 58. Calculate the remainder when h(-2) is divided by 91.
79
Calculate the remainder when 121/(-22)*-42 - (-8 - -1) is divided by 117.
4
Suppose -3*b + 2*b = -4*t - 71, 5*b - 5*t - 370 = 0. Calculate the remainder when b is divided by 56.
19
Suppose 0*j - 20 = -j. Let o(s) = 8*s**3 - s**2 - 2*s + 2. What is the remainder when j is divided by o(1)?
6
Suppose -4*q + 3*l = -139, -4*q - 3*l + 4*l + 129 = 0. Let b = 43 - q. What is the remainder when 8 is divided by 21/b + (-2)/(-8)?
0
Let m = 223 + -199. Calculate the remainder when m is divided by 11.
2
Suppose 0 = 4*q - 28 + 108. Let n = 120 - 116. Let j = n - q. What is the remainder when j is divided by 9?
6
Let m = 348 + -336. Let v(i) = 2*i**2 - 3*i - 2. What is the remainder when v(-4) is divided by m?
6
Let n(r) = -r**3 - 10*r**2 + 10*r - 4. Calculate the remainder when 17 is divided by n(-11).
3
What is the remainder when 167 is divided by ((-32)/80)/((-1)/210)?
83
Let i(h) = -h**3 - 5*h**2 - 6*h - 5. Let f = -32 - -28. What is the remainder when 10 is divided by i(f)?
1
Suppose -2*l + 0 = -16. Calculate the remainder when (-102)/(-8) + (-1)/(-4) is divided by l.
5
Let r = -29 + 32. What is the remainder when ((-198)/4)/((-1)/(r - 1)) is divided by 26?
21
Let u(w) = 40*w**2 - w + 1. Let h be u(1). Let o = -24 + h. What is the remainder when 30 is divided by o?
14
Suppose -12*z + 30*z - 22